lse
Is 57 a factor of 86367?
False
Is 3003764 a multiple of 34?
True
Is 535 a factor of 482248?
False
Is 10044453 a multiple of 9?
False
Is 170 a factor of 17000?
True
Does 62 divide 327452?
False
Is 245 a factor of 402156?
False
Does 335 divide 9366221?
False
Is 30368040 a multiple of 90?
False
Is 10 a factor of 799160?
True
Is 7 a factor of 28624?
False
Is 47 a factor of 4160722?
True
Does 447 divide 708048?
True
Is 32400 a multiple of 270?
True
Is 1294 a multiple of 21?
False
Does 6 divide 1290168?
True
Is 40805 a multiple of 183?
False
Does 8 divide 510056?
True
Is 16747 a multiple of 3?
False
Is 6679372 a multiple of 596?
True
Is 14692033 a multiple of 1271?
False
Is 32 a factor of 307366?
False
Does 59 divide 19942?
True
Is 5019173 a multiple of 457?
False
Does 204 divide 925535?
False
Does 13 divide 1964638?
True
Does 91 divide 115208?
False
Is 21 a factor of 163065?
True
Does 66 divide 652280?
False
Is 81 a factor of 304166?
False
Is 53 a factor of 1554225?
True
Is 11 a factor of 512039?
True
Does 49 divide 1960?
True
Does 348 divide 67860?
True
Is 37 a factor of 2139340?
True
Does 418 divide 23626275?
False
Does 22 divide 334774?
True
Does 5 divide 6895000?
True
Does 5 divide 69285?
True
Is 711615 a multiple of 22?
False
Is 739698 a multiple of 226?
True
Is 32 a factor of 1147478?
False
Is 1549668 a multiple of 54?
False
Is 1241660 a multiple of 362?
True
Is 35 a factor of 317555?
True
Is 301986 a multiple of 114?
True
Does 78 divide 74724?
True
Does 122 divide 2105476?
True
Is 24 a factor of 1444752?
True
Does 162 divide 73386?
True
Is 208 a factor of 1462032?
True
Does 14 divide 91959?
False
Is 93 a factor of 2315049?
True
Is 66 a factor of 1389894?
True
Is 2777472 a multiple of 12?
True
Does 4 divide 263762?
False
Does 4 divide 154964?
True
Is 51 a factor of 2034186?
True
Is 7663622 a multiple of 52?
False
Is 1791776 a multiple of 16?
True
Is 107448 a multiple of 121?
True
Is 25 a factor of 512703?
False
Does 55 divide 1446830?
True
Is 7 a factor of 20587?
True
Is 77556 a multiple of 138?
True
Does 24 divide 2425?
False
Is 20710 a multiple of 38?
True
Is 223 a factor of 1700598?
True
Is 56 a factor of 3117344?
False
Is 2998335 a multiple of 11?
False
Does 98 divide 2610328?
True
Does 68 divide 586490?
False
Does 21 divide 303786?
True
Is 55296 a multiple of 64?
True
Is 63 a factor of 1610947?
False
Does 9 divide 204927?
False
Does 2287 divide 3634081?
False
Is 11 a factor of 539?
True
Does 16 divide 2142122?
False
Does 10 divide 870940?
True
Does 10 divide 999019?
False
Is 2831294 a multiple of 807?
False
Is 16 a factor of 92336?
True
Does 281 divide 23338240?
False
Is 197 a factor of 336158?
False
Is 7746352 a multiple of 523?
False
Is 276 a factor of 22058748?
True
Is 1065 a factor of 293078?
False
Is 16 a factor of 23712?
True
Does 27 divide 324162?
True
Does 18 divide 1584414?
True
Is 124050 a multiple of 3?
True
Does 226 divide 5075282?
True
Is 1067767 a multiple of 106?
False
Is 13468815 a multiple of 86?
False
Is 320976 a multiple of 72?
True
Is 631466 a multiple of 11?
True
Does 11 divide 2317491?
True
Does 482 divide 4207378?
True
Is 3 a factor of 381749?
False
Is 30 a factor of 54237?
False
Does 127 divide 554435?
False
Does 15 divide 1328220?
True
Does 27 divide 32913?
True
Does 14 divide 203794?
False
Is 584545 a multiple of 391?
True
Does 43 divide 60899?
False
Is 5 a factor of 13720?
True
Is 11 a factor of 645840?
False
Does 823 divide 5814495?
True
Does 132 divide 1177131?
False
Does 225 divide 2337058?
False
Does 95 divide 100085?
False
Is 28 a factor of 5637189?
False
Does 8 divide 201096?
True
Is 179087 a multiple of 31?
True
Is 532136 a multiple of 554?
False
Is 65 a factor of 24700?
True
Is 80 a factor of 6668400?
True
Does 47 divide 190704?
False
Is 70 a factor of 1572760?
True
Is 56559 a multiple of 41?
False
Is 107 a factor of 1809701?
False
Is 109478 a multiple of 22?
False
Is 3 a factor of 1602821?
False
Does 141 divide 727134?
False
Is 1437192 a multiple of 104?
False
Does 29 divide 2532559?
False
Is 1647825 a multiple of 36?
False
Is 22 a factor of 273152?
True
Is 167608 a multiple of 14?
True
Does 218 divide 22295?
False
Does 371 divide 67600?
False
Is 9 a factor of 11281?
False
Is 1646260 a multiple of 385?
True
Is 13921579 a multiple of 121?
False
Is 4981687 a multiple of 139?
False
Does 124 divide 139152?
False
Does 249 divide 374247?
True
Is 30 a factor of 19283?
False
Is 80 a factor of 551446?
False
Is 752 a factor of 1240048?
True
Is 580503 a multiple of 10?
False
Does 69 divide 113067?
False
Is 564 a factor of 52378?
False
Is 79 a factor of 1472481?
True
Is 2 a factor of 5248?
True
Is 14 a factor of 12208?
True
Is 1505 a factor of 1833090?
True
Is 18 a factor of 4785831?
False
Is 259 a factor of 130018?
True
Is 13 a factor of 5450?
False
Is 268960 a multiple of 3?
False
Is 567125 a multiple of 42?
False
Is 5060682 a multiple of 122?
True
Is 2987264 a multiple of 78?
False
Is 83 a factor of 1567123?
True
Is 12522384 a multiple of 492?
True
Is 82540 a multiple of 2?
True
Is 3 a factor of 4773294?
True
Is 166 a factor of 618516?
True
Is 22 a factor of 470489?
False
Does 128 divide 3695744?
True
Is 107075 a multiple of 159?
False
Is 980366 a multiple of 15?
False
Is 451 a factor of 179308?
False
Is 1567050 a multiple of 674?
True
Is 12 a factor of 238670?
False
Is 364 a factor of 1976156?
True
Is 4170590 a multiple of 230?
True
Is 10 a factor of 2749450?
True
Is 67 a factor of 7033666?
False
Is 315 a factor of 5937120?
True
Does 166 divide 544930?
False
Does 11 divide 5915285?
False
Is 22 a factor of 163922?
True
Is 97 a factor of 403686?
False
Is 91869 a multiple of 20?
False
Is 19689 a multiple of 17?
False
Is 17 a factor of 49551?
False
Is 213334 a multiple of 238?
False
Is 11219313 a multiple of 29?
False
Does 104 divide 116708?
False
Does 30 divide 2952450?
True
Is 13 a factor of 8027?
False
Is 143 a factor of 1725465?
False
Is 356462 a multiple of 46?
False
Is 19 a factor of 90516?
True
Is 95 a factor of 6855132?
False
Is 224 a factor of 205582?
False
Is 24 a factor of 227872?
False
Is 57 a factor of 172938?
True
Is 52 a factor of 1666914?
False
Is 53 a factor of 2949339?
False
Is 3056175 a multiple of 47?
True
Is 10290 a multiple of 35?
True
Is 737 a factor of 2277330?
True
Is 1478 a factor of 5198126?
True
Does 46 divide 573620?
True
Does 520 divide 6618583?
False
Does 94 divide 72662?
True
Is 237 a factor of 2084652?
True
Is 60200 a multiple of 8?
True
Is 5810625 a multiple of 1875?
True
Does 46 divide 28934?
True
Is 13 a factor of 646188?
False
Is 21 a factor of 7694043?
True
Is 6074574 a multiple of 22?
True
Is 21 a factor of 1303112?
False
Does 94 divide 1259817?
False
Is 12 a factor of 6128340?
True
Is 513 a factor of 12825?
True
Is 797964 a multiple of 5?
False
Is 15 a factor of 3993?
False
Is 766260 a multiple of 7?
False
Is 255352 a multiple of 329?
False
Is 22472 a multiple of 33?
False
Is 34351 a multiple of 2?
False
Is 245 a factor of 531317?
False
Does 83 divide 130650?
False
Is 1457188 a multiple of 94?
True
Does 257 divide 198918?
True
Does 21 divide 46662?
True
Does 137 divide 1074765?
True
Does 12 divide 612160?
False
Is 1132314 a multiple of 32?
False
Does 97 divide 3706?
False
Does 45 divide 40849?
False
Is 5280 a multiple of 22?
True
Is 6933195 a multiple of 159?
True
Does 313 divide 5598724?
False
Does 26 divide 800457?
False
Is 121754 a multiple of 17?
True
Does 398 divide 4553518?
True
Is 84816 a multiple of 279?
True
Is 550352 a multiple of 16?
True
Does 7 divide 1705?
False
Is 2 a factor of 122663?
False
Does 61 divide 76982?
True
Is 1250193 a multiple of 111?
True
Is 584876 a multiple of 23?
False
Is 16 a factor of 6202?
False
Is 737154 a multiple of 17?
True
Does 6 divide 6507748?
False
Is 12 a factor of 24331440?
True
Is 344799 a multiple of 13?
True
Is 9 a factor of 140468?
False
Is 769 a factor of 6346477?
False
Does 176 divide 77330?
False
Does 473 divide 426290?
False
Is 2292342 a multiple of 13?
True
Does 39 divide 66885?
True
Does 18 divide 241992?
True
Is 37 a factor of 592?
True
Is 29 a factor of 97404?
False
Does 7 divide 8791?
False
Does 8 divide 3099594?
False
Is 44 a factor of 1103163?
False
Does 37 divide 50024?
True
Does 73 divide 4313198?
False
Is